) to base 8
10
11 (base 9) to base 11
a
Convert -9 (base 11) to base 3.
-100
What is -522 (base 6) in base 7?
-365
3 (base 8) to base 5
3
Convert 111 (base 3) to base 10.
13
202 (base 6) to base 16
4a
5 (base 6) to base 16
5
5 (base 13) to base 7
5
Convert -10100 (base 2) to base 6.
-32
What is -10001011 (base 2) in base 5?
-1024
Convert 21 (base 3) to base 12.
7
What is -1 (base 8) in base 9?
-1
Convert -10 (base 16) to base 2.
-10000
What is -11 (base 5) in base 14?
-6
Convert a (base 15) to base 10.
10
Convert -22 (base 6) to base 16.
-e
-226 (base 8) to base 4
-2112
Convert 50 (base 9) to base 16.
2d
Convert 22 (base 4) to base 13.
a
Convert -100 (base 14) to base 15.
-d1
Convert -14 (base 7) to base 6.
-15
Convert -4 (base 14) to base 9.
-4
-10 (base 12) to base 8
-14
What is 2121 (base 3) in base 6?
154
What is -2 (base 4) in base 10?
-2
17 (base 13) to base 4
110
Convert -2b (base 16) to base 6.
-111
22 (base 3) to base 9
8
Convert 1000000 (base 2) to base 14.
48
-38 (base 11) to base 5
-131
Convert -4 (base 6) to base 7.
-4
5 (base 14) to base 12
5
aa (base 16) to base 2
10101010
What is 4 (base 16) in base 12?
4
-87 (base 10) to base 9
-106
Convert -38 (base 16) to base 9.
-62
What is 0 (base 8) in base 5?
0
Convert -10 (base 3) to base 8.
-3
-a (base 11) to base 14
-a
17 (base 13) to base 3
202
What is -2 (base 15) in base 10?
-2
Convert -2 (base 3) to base 14.
-2
Convert -100 (base 12) to base 9.
-170
7 (base 11) to base 2
111
What is 0 (base 8) in base 2?
0
What is 0 (base 5) in base 11?
0
What is 24 (base 11) in base 3?
222
Convert -1d (base 15) to base 4.
-130
Convert 34 (base 7) to base 15.
1a
2 (base 16) to base 5
2
Convert 5 (base 16) to base 5.
10
Convert -20 (base 3) to base 7.
-6
253 (base 6) to base 8
151
Convert 1 (base 7) to base 6.
1
What is a (base 11) in base 9?
11
Convert 164 (base 9) to base 12.
b7
Convert -1 (base 16) to base 3.
-1
-104 (base 7) to base 13
-41
Convert 6 (base 15) to base 14.
6
-1101 (base 2) to base 11
-12
Convert 111 (base 2) to base 12.
7
Convert 135 (base 6) to base 16.
3b
Convert -107 (base 10) to base 13.
-83
What is -34 (base 5) in base 14?
-15
What is 55 (base 11) in base 13?
48
-3 (base 9) to base 2
-11
What is 202 (base 3) in base 6?
32
Convert 3 (base 5) to base 8.
3
What is 4 (base 5) in base 6?
4
What is 3 (base 13) in base 6?
3
What is -104 (base 5) in base 9?
-32
100 (base 2) to base 8
4
-3 (base 8) to base 5
-3
-5 (base 8) to base 2
-101
Convert 2 (base 14) to base 2.
10
Convert 16b (base 12) to base 7.
443
What is 10000 (base 2) in base 7?
22
What is 47 (base 10) in base 2?
101111
-3 (base 4) to base 15
-3
-4 (base 9) to base 7
-4
What is -21 (base 11) in base 15?
-18
What is -35 (base 13) in base 6?
-112
What is 4 (base 6) in base 14?
4
Convert 9 (base 15) to base 14.
9
Convert 9 (base 15) to base 3.
100
-16 (base 14) to base 13
-17
Convert -3 (base 5) to base 7.
-3
-9 (base 16) to base 14
-9
-3 (base 4) to base 9
-3
1 (base 8) to base 5
1
What is -7 (base 8) in base 5?
-12
What is 120 (base 11) in base 10?
143
Convert 1333 (base 5) to base 14.
118
What is 4 (base 10) in base 12?
4
-11 (base 4) to base 2
-101
What is 0 (base 15) in base 7?
0
Convert -3 (base 11) to base 15.
-3
Convert -362 (base 7) to base 9.
-232
What is -104 (base 11) in base 14?
-8d
Convert -1010 (base 2) to base 8.
-12
-214 (base 12) to base 9
-367
What is 2 (base 3) in base 8?
2
Convert -5 (base 12) to base 4.
-11
4 (base 12) to base 14
4
-1110 (base 2) to base 16
-e
Convert 101000 (base 2) to base 9.
44
17 (base 8) to base 9
16
2 (base 8) to base 16
2
What is 11b (base 12) in base 16?
a7
Convert -1030 (base 4) to base 8.
-114
Convert -11 (base 3) to base 12.
-4
Convert 10 (base 3) to base 9.
3
Convert -12010 (base 3) to base 7.
-255
What is -8 (base 15) in base 14?
-8
What is 5 (base 16) in base 4?
11
What is -204 (base 5) in base 4?
-312
What is 21 (base 4) in base 7?
12
What is -230 (base 4) in base 2?
-101100
What is 2c (base 16) in base 13?
35
What is -45 (base 6) in base 15?
-1e
What is -10 (base 6) in base 12?
-6
What is -15 (base 11) in base 14?
-12
-201 (base 4) to base 2
-100001
Convert 0 (base 9) to base 6.
0
2 (base 7) to base 2
10
Convert -24 (base 9) to base 7.
-31
Convert 101 (base 2) to base 4.
11
What is -42 (base 6) in base 12?
-22
-10 (base 3) to base 11
-3
Convert -4 (base 5) to base 10.
-4
Convert -46 (base 7) to base 6.
-54
Convert 22 (base 5) to base 9.
13
9 (base 10) to base 2
1001
Convert 30 (base 12) to base 9.
40
What is -67 (base 9) in base 4?
-331
36 (base 9) to base 16
21
What is 7 (base 12) in base 16?
7
Convert 160 (base 8) to base 2.
1110000
-53 (base 7) to base 5
-123
Convert 19 (base 12) to base 10.
21
Convert 0 (base 10) to base 15.
0
-100 (base 2) to base 11
-4
What is -166 (base 11) in base 16?
-c1
-22 (base 16) to base 15
-24
What is -32 (base 9) in base 11?
-27
-41 (base 7) to base 16
-1d
What is -2 (base 10) in base 16?
-2
What is 2 (base 7) in base 9?
2
What is -6 (base 7) in base 10?
-6
Convert 8 (base 14) to base 5.
13
Convert -15 (base 16) to base 9.
-23
What is -16d (base 16) in base 13?
-221
Convert 4 (base 12) to base 13.
4
-24 (base 8) to base 15
-15
What is 150 (base 15) in base 2?
100101100
-317 (base 8) to base 4
-3033
4 (base 12) to base 2
100
1110000 (base 2) to base 9
134
What is 3 (base 5) in base 15?
3
Convert 121 (base 4) to base 16.
19
Convert -122 (base 8) to base 2.
-1010010
What is 3 (base 4) in base 2?
11
57 (base 8) to base 10
47
What is 86 (base 14) in base 9?
141
What is -121 (base 3) in base 6?
-24
Convert -20 (base 4) to base 7.
-11
Convert -2 (base 8) to base 15.
-2
1141 (base 5) to base 4
2223
-4 (base 6) to base 11
-4
Convert -64 (base 15) to base 5.
-334
What is 2 (base 8) in base 5?
2
Convert -8 (base 14) to base 9.
-8
What is -3 (base 5) in base 8?
-3
What is 5 (base 10) in base 13?
5
Convert -6 (base 15) to base 12.
-6
Convert 104 (base 8) to base 14.
4c
Convert -1120 (base 3) to base 15.
-2c
Convert 4 (base 12) to base 14.
4
1101 (base 3) to base 8
45
What is -63 (base 15) in base 12?
-79
21 (base 4) to base 10
9
What is -111 (base 2) in base 13?
-7
23 (base 16) to base 6
55
What is -100 (base 2) in base 7?
-4
Convert 63 (base 8) to base 13.
3c
What is 14 (base 10) in base 7?
20
Convert 4 (base 6) to base 4.
10
What is b8 (base 16) in base 10?
184
12 (base 6) to base 2
1000
Convert -35 (base 6) to base 3.
-212
Convert 76 (base 8) to base 13.
4a
Convert -6 (base 8) to base 4.
-12
Convert 15 (base 8) to base 4.
31
Convert 4 (base 15) to base 16.
4
1 (base 13) to base 9
1
What is -6 (base 11) in base 2?
-110
Convert 85 (base 10) to base 11.
78
Convert -1 (base 15) to base 11.
-1
Convert 11002 (base 3) to base 11.
a0
-3 (base 13) to base 7
-3
122 (base 6) to base 4
302
Convert 14 (base 8) to base 11.
11
Convert 1011011 (base 2) to base 14.
67
What is -4 (base 7) in base 13?
-4
Convert 5 (base 6) to base 5.
10
-50 (base 9) to base 15
-30
Convert -44 (base 9) to base 14.
-2c
-1 (base 6) to base 14
-1
-2 (base 4) to base 8
-2
10 (base 2) to base 3
2
What is -3 (base 15) in base 16?
-3
What is -15 (base 10) in base 13?
-12
Convert 0 (base 16) to base 13.
0
Convert -303 (base 5) to base 2.
-1001110
Convert -2 (base 8) to base 15.
-2
What is -177 (base 13) in base 3?
-100220
What is 0 (base 6) in base 5?
0
Convert -32 (base 9) to base 5.
-104
-10 (base 2) to base 14
-2
-10 (base 7) to base 12
-7
What is -1 (base 16) in base 14?
-1
Convert -313 (base 4) to base 14.
-3d
What is -11 (base 2) in base 7?
-3
0 (base 2) to base 13
0
231 (base 5) to base 3
2110
What is 2 (base 3) in base 8?
2
-13 (base 4) to base 15
-7
11 (base 13) to base 5
24
Convert 19 (base 16) to base 3.
221
What is -d (base 15) in base 2?
-1101
23 (base 4) to base 14
b
-1 (base 2) to base 12
-1
What is 3 (base 4) in base 13?
3
-147 (base 10) to base 3
-12110
Convert 100 (base 2) to base 9.
4
What is 1010111 (base 2) in base 15?
5c
Convert -1ba (base 12) to base 11.
-240
100 (base 4) to base 14
12
Convert -30 (base 4) to base 14.
-c
Convert -25 (base 13) to base 4.
-133
Convert 10000111 (base 2) to base 16.
87
What is 16 (base 7) in base 15?
d
-8 (base 9) to base 10
-8
What is -6 (base 13) in base 15?
-6
What is 3 (base 16) in base 4?
3
Convert 534 (base 6) to base 9.
244
Conv